 + 18 + 26.
45
What is -3 + 30 + (-215 + 79 - -117)?
8
What is -27 + (43 + 8 - 82)?
-58
What is the value of -71 + 20 + 46 + (1 + -1 - (-3 + -46))?
44
What is the value of -23 - ((8 - 5) + -10 + -9 + 8)?
-15
(78 + -12 + -10 - -19) + -13 + 2
64
Evaluate (19 - (6 - 11 - -8)) + 23.
39
Evaluate -29 + (-41 - -71) + (11 - 28).
-16
What is the value of 26 + -173 + -67 + 303?
89
What is the value of 102 - 10 - (-9 + 10 + (-8 - -23))?
76
Evaluate -43 - (-11 + 37) - (-8 + 0).
-61
What is the value of 2 - (-32 - (-16 + 112) - (2 + -24))?
108
What is (14 - (16 + (14 - 5))) + -41 + -3?
-55
Calculate 250 + -88 + -128 - (-26 - -2).
58
(-6 - -27 - -17) + 2 + -8 + (-49 - -41)
24
What is 16 - 9 - (0 + 4 + 1 + -3 + 56)?
-51
-132 + (81 - -40) + -29
-40
Evaluate -1 - 3 - (32 - (-5 + -6 - -16) - -9).
-40
-32 + (-24 - (-62 + 31 + 13)) - (-1 + -12)
-25
Calculate -15 + 16 + (-53 - -38) + 55 + 0.
41
Evaluate (86 - (52 + 33)) + -89 + (3 - 5).
-90
Evaluate -2 + (19 - (-1 + -4 - -43)).
-21
What is the value of -30 - (-11 - (8 + (-4 - (0 + 4))))?
-19
Evaluate -19 + 32 - 5 - 21 - (2 + -53).
38
Evaluate 7 + -5 + -100 + (-47 - -42) + -4 + 6.
-101
Evaluate -10776 + 10777 + (1 + 44 - (4 - 2)).
44
What is 3 + -42 + -4 + (18 - 26 - -8 - 9)?
-52
Evaluate (-10 - -36) + -52 - -45.
19
Evaluate (3 - -130) + (-427 - -338).
44
Calculate (62 - 1) + (1453 - 1493).
21
Evaluate 10 + (13 + 4 + -2 - (101 - 137)).
61
-40 + 36 + (-22 - -8) - (-1 - -27)
-44
What is the value of 3 - 7 - 4 - (-15 + -1 + 38)?
-30
Calculate (18 - 14) + 7 - 20 - -86.
77
Evaluate 5 + 16 + 0 + (-13 - -2).
10
What is the value of (10 - (15 - (-7 - (-25 - -9)))) + 13?
17
Calculate (-44 + 20 - (-11 - 0)) + -40.
-53
Calculate ((-29 - -20) + 15 - 5) + 20.
21
What is -113 + 189 + -93 + 164 + -1?
146
Calculate 27 + -131 + 23 - (0 - 39).
-42
What is the value of -20 + (0 - 2) + (3 - -12 - 30)?
-37
What is -56 - (16 - 76 - -9)?
-5
Calculate -2 + 1 - (-494 + 527) - -7.
-27
Calculate -4 + 1 + -73 + 59 + -19 - -11.
-25
Calculate (12 + 0 + (14 - 8) - 134) + 20.
-96
What is (-8 - -3) + -1 + (-64 - -113) + -105?
-62
Evaluate -32 + -1 - 25 - -27 - 42.
-73
What is -23 + (19 - -18) - (-3 - 4)?
21
-1 + 15 + (13 - 30) - (1 - 8) - 13
-9
What is 8 + (-14 - 20) + 56?
30
Evaluate 17 - ((-5 - 19) + (-29 - (0 - 15))).
55
What is (-18 - 17) + 13 + -5 - -3?
-24
Calculate (-47 - 1) + (4632 - 4562).
22
19 - (101 - (21 - 39))
-100
Evaluate (-120 - (40 - 61) - -6) + (1 - -10).
-82
What is -83 + 82 + 9 + -8 + (135 - 0)?
135
Evaluate -32 - ((-9 + 1 - -2) + -6) - 11.
-31
Evaluate 5 + 53 + -79 + -15 + 1.
-35
What is -93 + 388 - 121 - 98?
76
What is the value of 74 + (76 - 85) + 11?
76
What is 12 + 53 - (-129 + 210)?
-16
What is the value of (-34 - 3) + (-313 - -357)?
7
What is (49 + -70 - -71) + -27?
23
Calculate -30 - ((-23 + 25 - -12) + (-9 - 1)).
-34
Calculate 1 + -14 + (69 + -98 - -88).
46
What is -15 - (19 + -50 + 13 + 1)?
2
What is the value of (-42 + -6 - (55 - 88)) + (21 - -2)?
8
What is the value of 8 - 118 - (0 - (2 + 41))?
-67
What is (-7129 - -7167) + (72 - 0)?
110
Calculate -19 + 17 + -14 - -20 - 27.
-23
Calculate 1 + -24 + (17 - (20 + 10 + -3)).
-33
Evaluate -4 - ((11 - 1) + 56 + -53 + -96 + 5).
74
Calculate 33 + -19 - 11 - 72 - (30 - 10).
-89
What is the value of -48 - (-11 + 17 - (-12 + 17))?
-49
Evaluate (33 - (0 - -1 - -19)) + 35.
48
What is the value of 42 - ((2445 - 2444) + (0 - -2 - 0) + 10)?
29
(-1 - -26 - (368 + -388)) + 2
47
Calculate 85 + -54 + -68 + -52.
-89
Evaluate 84 + -92 + 59 + -112.
-61
Evaluate 3 - (-69 + -4 + 73).
3
What is 21 + (-15 + 10 - 0 - 16)?
0
What is the value of -95 - -87 - (-5 - (0 + -1 + (0 - -1)))?
-3
What is -429 - -412 - (12 + -2)?
-27
What is 80 - (-38 - -67) - 17?
34
Calculate -13 + 208 + -1 + -43 - (11 - 1).
141
(-45 - 5) + -20 + 4 + 25
-41
Evaluate -56 + 2 - (11 + 6 + -13 + 3 + -20).
-41
Calculate (44 - 5 - 18) + -50 + -10.
-39
Evaluate (-1 - 0) + -14 + 2 - (679 - 688) - -41.
37
Calculate 21 + 4 + -19 + -6 + 71 + -2.
69
Evaluate 11 + (-15 - (-10 - -4)) - (1 + -2).
3
What is the value of 2 - (24 + 2) - (6 + -6 + 63 + -58)?
-29
Evaluate -82 + 8 + 14 + (15 - (-18 - -24)).
-51
(-5 - (-4 - (-10 + (6 - -9)))) + 71
75
Calculate -2 - (3 + 9) - (20 - (46 + -16)).
-4
Evaluate 77 - (35 + 78 + -51).
15
What is -46 + -3 - (-260 - -264) - -2?
-51
Calculate -1493 - -1504 - (2 + 2 - (-73 + -9)).
-75
What is the value of (4 - (-12 + 10)) + -11 + -2 + (-1 - 5)?
-13
What is the value of 104 - (240 - 97) - -43?
4
73 + -108 - -93 - (-1 - -35)
24
What is the value of -35 + -60 + 41 + -3 + 7 + -21?
-71
Calculate 39 + (-68 - -90) + -139.
-78
Calculate 4 - 29 - -109 - (-26 - -15 - (1 - 2)).
94
Evaluate -30 + 11 - (75 + -34 + 9 + 8).
-77
Calculate (37 + 9 - (16 - 2)) + -7.
25
Evaluate 56 + 7 - (17 + -17).
63
What is the value of 36 - (5 + 9 + (1 - (-13 - -7)))?
15
42 + (-50 + -4 - -31) - 51
-32
Calculate -11 + (56 - 60 - (-2 - -17)).
-30
What is 14 + (-4 - (21 + -12)) + -10?
-9
18 - 4 - (12 + -19 - (-4 - -10))
27
23 + 47 + (-7 + 28 - 25)
66
What is -16 - (11 + -40) - (-12 - (-5 - -2))?
22
Evaluate 9 + (-11 + (-9 - -52) - 19).
22
What is (17 - (13 + -7 - 5)) + 16 + 12?
44
Evaluate 58 + 16 + 23 + -41 + (-1 - -1).
56
29 - (-40 - 1 - -60) - 21
-11
What is 39 + -15 + -152 + 135?
7
Evaluate -14 + 14 - -4 - (2 - 8 - -44 - 8).
-26
-33 + -11 + (1 - -2 - 7)
-48
Calculate 1 + -31 - (3369 + -3357).
-42
What is 9 + -14 + 1 + (-6 - 72) + 25?
-57
What is the value of -22 + 6 + (16 - 14) - -3?
-11
Calculate -5 - (-5 - 0) - (70 - 70).
0
Evaluate 35 - 55 - (-30 + 5).
5
Calculate -18163 - -17996 - (-114 + 0).
-53
Calculate -52 + -43 + 85 - -28.
18
What is the value of (13 - (-14 + 7 + 14)) + -21?
-15
(-3 + -2 - 14) + (123 - 100)
4
Calculate (43 - 48) + (3 - -16 - (52 - -2)).
-40
(-69 - (-60 - 53)) + -94
-50
What is the value of -20 - (-3 + 5) - -3 - (-2 + -54)?
37
(10 + (-3 - (24 + 30)) - (0 - -4)) + -2
-53
What is -73 - -14 - (18 + (-6 - -7) + -9) - 8?
-77
Evaluate -31 + (0 + 2 - 8 - (-17 + 7 + 12)).
-39
Calculate -5 + 9 + (-36 - 16 - 8) + 15.
-41
Calculate 40 + (-7 - -7 - 3) + -63 + 57.
31
What is 18 - (52 + -12) - -30?
8
21 + (69 - 35 - 18)
37
What is 8 - ((-1 - -2 - 4) + (9 + 14 - 14))?
2
What is 12 + 6 + (-8 - -20) + -5 + -63?
-38
What is 5 - (-10 + 9) - (52 + -40 + 3)?
-9
(0 - 1 - (4 - -1)) + -1996 + 2005 + 3
6
-54 - (33 + -2 + -44)
-41
Evaluate (2 - -2) + -40 - (-48 + (95 - 41)).
-42
Evaluate 3509 + -3536 + -1 + 43.
15
What is the value of (-13 - 1) + (33 - (19 - 12 - -17))?
-5
What is the value of 0 - -7 - (3869 + -3831)?
-31
What is (200 - (-51 + 98)) + -69?
84
0 + 4 - (24 + (-5 - 21)) - (3 - 12)
15
Calculate (-71 - -1) + (27 - (-12 - -79 - 48)).
-62
(-30 - -84) + -2 + 28
80
Calculate -8 + (3 + -8 + (4 - -7) - 17) + 23.
4
16 - 1 - (-31 + 28 + -6)
24
What is 302 + -315 + 2 + (-21 - (-1 + -2))?
-29
What is -1 + 5 + (186 - 67 - 119) + -52 + 1?
-47
What is the value of -68 - (20 - (130 + -52))?
-10
What is -23 - ((17 + -30 + 14 - (25 - 9)) + 31)?
-39
What is the value of (38 - -45) + -88 + 82 + -1?
76
Evaluate 6043 + -6051 - (5 - 5 - (6 - 2) - 4).
0
Calculate -25429 + 25465 - (-22 - (1 - 0)).
59
(22 - -107 - -11) + (8 - (6 - -16)) - 14
112
163 + -168 + (5 - 9)
-9
42 + -134 - -156 - 3
61
Calculate -24 + (-15 - 11) + 51 + -82 - (5 + -1).
-85
What is the value of 233 + -246 + -12 + -1 + -9 + -17 + 3?
-49
What is 15 + 2 + (-16 - -15) + 16?
32
Calculate (-164 + 173 - 132) + 4 + -5 + 15 + -1.
-110
Calculate (-42 + -15 - -97) + (3 - 7).
36
Evaluate -182 + 158 + -163 + 84.
-103
Calculate (-1 - -2 - ((1 - 0 - 0) + 5)) + 2.
-3
What is the value of -39 + -49 + 26 + -5 + 98?
31
What is the value of 18 + -45 + 36 + (22 - 41)?
-10
What is the value of 4 + (5 - 2) + (76 - 53)?
30
(9 - 69) + 24 + (-2 - -9) - -7
-22
Evaluate 16 - (3 - 4) - (36 - -3).
-22
Evaluate 20 + (206 + -237 - (-3 - -2)).
-10
What is -300 + 276 - ((-140 - -6) + -5)?
115
Calculate (0 + 13 - (197 + -146) - -8) + 1.
-29
Calculate -164 + 107 - (-26 + 3).
-34
What is the value of (-1 - -1 - (44 + -10 + -52)) + -19?
-1
Evaluate 139 + (-6 - (-2 + 4) - ((22 - 19) + -1)).
129
What is the value of -450 + 428 - (-28 + 1) - (0 - -2) - 21?
-18
Evaluate 92 + -1 + 26 + -89.
28
Evaluate 49 - (54 + -44 - (4 + 1 - 4)).
40
4 + 52 - (-16 + (-34 - -41) - -11)
54
Evaluate -1 + 118 - (16354 - 16173).
-64